{"id":2139,"date":"2016-02-16T11:54:55","date_gmt":"2016-02-16T11:54:55","guid":{"rendered":"https:\/\/electro.madrasthemes.com\/?page_id=2139"},"modified":"2025-08-11T22:08:45","modified_gmt":"2025-08-11T22:08:45","slug":"home","status":"publish","type":"page","link":"https:\/\/enterfec.com.br\/","title":{"rendered":"Home"},"content":{"rendered":"","protected":false},"excerpt":{"rendered":"","protected":false},"author":1,"featured_media":0,"parent":0,"menu_order":0,"comment_status":"closed","ping_status":"closed","template":"template-homepage-v1.php","meta":{"_acf_changed":false,"content-type":"","footnotes":""},"class_list":["post-2139","page","type-page","status-publish","hentry"],"acf":[],"yoast_head":"<!-- This site is optimized with the Yoast SEO Premium plugin v25.6 (Yoast SEO v25.6) - https:\/\/yoast.com\/wordpress\/plugins\/seo\/ -->\n<title>Home - ENTERFEC Store<\/title>\n<meta name=\"description\" content=\"Loja de inform\u00e1tica com computadores, notebooks e acess\u00f3rios. Tecnologia e pre\u00e7o justo para voc\u00ea comprar com confian\u00e7a.\" \/>\n<meta name=\"robots\" content=\"index, follow, max-snippet:-1, max-image-preview:large, max-video-preview:-1\" \/>\n<link rel=\"canonical\" href=\"https:\/\/enterfec.com.br\/\" \/>\n<meta property=\"og:locale\" content=\"pt_BR\" \/>\n<meta property=\"og:type\" content=\"article\" \/>\n<meta property=\"og:title\" content=\"Home\" \/>\n<meta property=\"og:description\" content=\"Loja de inform\u00e1tica com computadores, notebooks e acess\u00f3rios. Tecnologia e pre\u00e7o justo para voc\u00ea comprar com confian\u00e7a.\" \/>\n<meta property=\"og:url\" content=\"https:\/\/enterfec.com.br\/\" \/>\n<meta property=\"og:site_name\" content=\"ENTERFEC Store\" \/>\n<meta property=\"article:modified_time\" content=\"2025-08-11T22:08:45+00:00\" \/>\n<meta property=\"og:image\" content=\"https:\/\/enterfec.com.br\/wp-content\/uploads\/2025\/07\/cropped-logo-e1754949727126.png\" \/>\n\t<meta property=\"og:image:width\" content=\"200\" \/>\n\t<meta property=\"og:image:height\" content=\"200\" \/>\n\t<meta property=\"og:image:type\" content=\"image\/png\" \/>\n<meta name=\"twitter:card\" content=\"summary_large_image\" \/>\n<script type=\"application\/ld+json\" class=\"yoast-schema-graph\">{\"@context\":\"https:\/\/schema.org\",\"@graph\":[{\"@type\":\"WebPage\",\"@id\":\"https:\/\/enterfec.com.br\/\",\"url\":\"https:\/\/enterfec.com.br\/\",\"name\":\"Home - ENTERFEC Store\",\"isPartOf\":{\"@id\":\"https:\/\/enterfec.com.br\/#website\"},\"datePublished\":\"2016-02-16T11:54:55+00:00\",\"dateModified\":\"2025-08-11T22:08:45+00:00\",\"description\":\"Loja de inform\u00e1tica com computadores, notebooks e acess\u00f3rios. Tecnologia e pre\u00e7o justo para voc\u00ea comprar com confian\u00e7a.\",\"breadcrumb\":{\"@id\":\"https:\/\/enterfec.com.br\/#breadcrumb\"},\"inLanguage\":\"pt-BR\",\"potentialAction\":[{\"@type\":\"ReadAction\",\"target\":[\"https:\/\/enterfec.com.br\/\"]}]},{\"@type\":\"BreadcrumbList\",\"@id\":\"https:\/\/enterfec.com.br\/#breadcrumb\",\"itemListElement\":[{\"@type\":\"ListItem\",\"position\":1,\"name\":\"In\u00edcio\",\"item\":\"https:\/\/enterfec.com.br\/\"},{\"@type\":\"ListItem\",\"position\":2,\"name\":\"Home\"}]},{\"@type\":\"WebSite\",\"@id\":\"https:\/\/enterfec.com.br\/#website\",\"url\":\"https:\/\/enterfec.com.br\/\",\"name\":\"ENTERFEC Store\",\"description\":\"Loja de Produtos de Inform\u00e1tica.\",\"potentialAction\":[{\"@type\":\"SearchAction\",\"target\":{\"@type\":\"EntryPoint\",\"urlTemplate\":\"https:\/\/enterfec.com.br\/?s={search_term_string}\"},\"query-input\":{\"@type\":\"PropertyValueSpecification\",\"valueRequired\":true,\"valueName\":\"search_term_string\"}}],\"inLanguage\":\"pt-BR\"}]}<\/script>\n<!-- \/ Yoast SEO Premium plugin. -->","yoast_head_json":{"title":"Home - ENTERFEC Store","description":"Loja de inform\u00e1tica com computadores, notebooks e acess\u00f3rios. Tecnologia e pre\u00e7o justo para voc\u00ea comprar com confian\u00e7a.","robots":{"index":"index","follow":"follow","max-snippet":"max-snippet:-1","max-image-preview":"max-image-preview:large","max-video-preview":"max-video-preview:-1"},"canonical":"https:\/\/enterfec.com.br\/","og_locale":"pt_BR","og_type":"article","og_title":"Home","og_description":"Loja de inform\u00e1tica com computadores, notebooks e acess\u00f3rios. Tecnologia e pre\u00e7o justo para voc\u00ea comprar com confian\u00e7a.","og_url":"https:\/\/enterfec.com.br\/","og_site_name":"ENTERFEC Store","article_modified_time":"2025-08-11T22:08:45+00:00","og_image":[{"width":200,"height":200,"url":"https:\/\/enterfec.com.br\/wp-content\/uploads\/2025\/07\/cropped-logo-e1754949727126.png","type":"image\/png"}],"twitter_card":"summary_large_image","schema":{"@context":"https:\/\/schema.org","@graph":[{"@type":"WebPage","@id":"https:\/\/enterfec.com.br\/","url":"https:\/\/enterfec.com.br\/","name":"Home - ENTERFEC Store","isPartOf":{"@id":"https:\/\/enterfec.com.br\/#website"},"datePublished":"2016-02-16T11:54:55+00:00","dateModified":"2025-08-11T22:08:45+00:00","description":"Loja de inform\u00e1tica com computadores, notebooks e acess\u00f3rios. Tecnologia e pre\u00e7o justo para voc\u00ea comprar com confian\u00e7a.","breadcrumb":{"@id":"https:\/\/enterfec.com.br\/#breadcrumb"},"inLanguage":"pt-BR","potentialAction":[{"@type":"ReadAction","target":["https:\/\/enterfec.com.br\/"]}]},{"@type":"BreadcrumbList","@id":"https:\/\/enterfec.com.br\/#breadcrumb","itemListElement":[{"@type":"ListItem","position":1,"name":"In\u00edcio","item":"https:\/\/enterfec.com.br\/"},{"@type":"ListItem","position":2,"name":"Home"}]},{"@type":"WebSite","@id":"https:\/\/enterfec.com.br\/#website","url":"https:\/\/enterfec.com.br\/","name":"ENTERFEC Store","description":"Loja de Produtos de Inform\u00e1tica.","potentialAction":[{"@type":"SearchAction","target":{"@type":"EntryPoint","urlTemplate":"https:\/\/enterfec.com.br\/?s={search_term_string}"},"query-input":{"@type":"PropertyValueSpecification","valueRequired":true,"valueName":"search_term_string"}}],"inLanguage":"pt-BR"}]}},"jetpack_sharing_enabled":true,"_links":{"self":[{"href":"https:\/\/enterfec.com.br\/index.php\/wp-json\/wp\/v2\/pages\/2139","targetHints":{"allow":["GET"]}}],"collection":[{"href":"https:\/\/enterfec.com.br\/index.php\/wp-json\/wp\/v2\/pages"}],"about":[{"href":"https:\/\/enterfec.com.br\/index.php\/wp-json\/wp\/v2\/types\/page"}],"author":[{"embeddable":true,"href":"https:\/\/enterfec.com.br\/index.php\/wp-json\/wp\/v2\/users\/1"}],"replies":[{"embeddable":true,"href":"https:\/\/enterfec.com.br\/index.php\/wp-json\/wp\/v2\/comments?post=2139"}],"version-history":[{"count":1,"href":"https:\/\/enterfec.com.br\/index.php\/wp-json\/wp\/v2\/pages\/2139\/revisions"}],"predecessor-version":[{"id":5399,"href":"https:\/\/enterfec.com.br\/index.php\/wp-json\/wp\/v2\/pages\/2139\/revisions\/5399"}],"wp:attachment":[{"href":"https:\/\/enterfec.com.br\/index.php\/wp-json\/wp\/v2\/media?parent=2139"}],"curies":[{"name":"wp","href":"https:\/\/api.w.org\/{rel}","templated":true}]}}